et a(r) = 9*r - 3. Determine a(-5).
-48
Let h(y) = 18*y**3 + y**2 - 7*y - 8. Calculate h(-1).
-18
Let t(d) = 2*d**2 + 6*d - 6. Calculate t(-6).
30
Let b(r) = 18*r + 44. What is b(-12)?
-172
Let f(b) = 10*b**2 - b - 1. Give f(-1).
10
Let h(t) = -t + 41. Give h(-20).
61
Let c(n) = -4*n**2 + 25*n - 6. Give c(6).
0
Let m(l) = -4*l**2 - 4*l - 1. Give m(-3).
-25
Let h(w) = w - 23. Give h(11).
-12
Let b(y) = y**2 + 9*y - 7. Determine b(-9).
-7
Let h(t) = -24*t**2 - 5*t - 5. What is h(-2)?
-91
Let f(t) = 2*t**2 - 24*t - 1. What is f(12)?
-1
Let w(s) = s**3 - 3*s**2 - 9*s - 4. Calculate w(4).
-24
Let q(c) = 61*c - 8. Determine q(-2).
-130
Let w(j) = j + 2. Determine w(3).
5
Let i(x) = x**2 - 3*x - 1. What is i(4)?
3
Let l(s) = -7*s - 10. Give l(-2).
4
Let i(p) = -p**2 + 5*p - 1. Determine i(6).
-7
Let k(w) = w**2 - 3*w + 2. Calculate k(3).
2
Let b(a) = a**3 - 4*a**2 + 3*a - 1. Determine b(2).
-3
Let r(f) = f**3 + 8*f**2 + 12*f + 19. What is r(-7)?
-16
Let q(t) = -7*t. Calculate q(-6).
42
Let z(i) = i**3 + 39*i**2 + 76*i + 77. Give z(-37).
3
Let j(v) = -v**2 + 15*v - 5. Determine j(7).
51
Let l(x) = -34*x - 59. Determine l(-2).
9
Let x(w) = -8*w**2 + 35*w - 5. Determine x(4).
7
Let y(b) = -b - 19. Calculate y(-5).
-14
Let q(g) = -g**3 + 5*g**2 + g + 2. Calculate q(5).
7
Let p(n) = -n**2 + 4*n + 23. Determine p(7).
2
Let p(g) = -10*g**2 - 3*g + 8. Determine p(2).
-38
Let z(t) = 13*t + 473. Determine z(-36).
5
Let j(r) = r**3 - 17*r**2 + 53*r. Calculate j(13).
13
Let d(m) = -12*m**2 + 251*m + 16. Determine d(21).
-5
Let y(k) = k**3 - 9*k**2 - k. What is y(9)?
-9
Let p(o) = o - 9. Give p(10).
1
Let k(a) = a**2 - 21*a + 39. What is k(18)?
-15
Let u(o) = -2*o**3 - 4*o**2 + 9*o + 14. Calculate u(-4).
42
Let v(m) = m**2 - 4*m - 5. Give v(5).
0
Let p(s) = -7*s**2 - 8*s + 3. Give p(-4).
-77
Let d(m) = 11*m - 2. Give d(5).
53
Let s(p) = p**2 + 9*p + 20. Give s(-15).
110
Let v(y) = y**2 + 17*y - 2. Give v(-17).
-2
Let r(j) = 2*j**3 - 31*j**2 - 16*j - 18. Calculate r(16).
-18
Let l(c) = 2*c**2 + 43*c + 30. What is l(-21)?
9
Let p(x) = x**2 + 2*x + 8. Calculate p(0).
8
Let p(l) = -2*l**3 - 7*l**2 - 14*l - 14. What is p(-5)?
131
Let u(p) = -4*p**2 + 5*p + 8. What is u(-2)?
-18
Let c(r) = -r**2 - 35*r - 42. Calculate c(-34).
-8
Let v(z) = 18*z - 4. Determine v(3).
50
Let r(f) = 6*f - 2. Determine r(-1).
-8
Let x(v) = -v - 6. What is x(-6)?
0
Let z(q) = 3*q**2 - 87*q - 87. Give z(-1).
3
Let d(v) = -v + 14. Determine d(10).
4
Let i(w) = 8*w - 157. Determine i(21).
11
Let w(p) = p**3 + 2*p**2 - 23*p + 3. Give w(-6).
-3
Let b(w) = w**3 + 17*w**2 + 15*w - 20. Determine b(-16).
-4
Let f(z) = -z**3 + 2*z**2 - 2*z + 2. Give f(4).
-38
Let f(k) = -2*k**2 - 8*k - 13. What is f(-3)?
-7
Let w(i) = -i**3 + 11*i**2 - i - 37. Calculate w(11).
-48
Let k(u) = -u**3 - 12*u**2 + u + 6. Give k(-12).
-6
Let i(t) = -t**3 - 14*t**2 + 18*t + 37. Determine i(-15).
-8
Let m(g) = 79*g + 14. Give m(-1).
-65
Let g(h) = h**3 + 8*h**2 - 9*h + 1. Give g(-9).
1
Let x(u) = -u**2 - 20*u + 21. Determine x(-21).
0
Let r(t) = -t**2 + 8*t + 45. Determine r(-4).
-3
Let w(t) = -9*t**3 + 2*t**2 - t + 1. Give w(1).
-7
Let w(o) = 2*o + 13. Calculate w(-7).
-1
Let i(h) = 28*h - 1. What is i(-1)?
-29
Let y(p) = 6*p + 13. Calculate y(-4).
-11
Let s(i) = -i**2 + 5*i + 10. Calculate s(7).
-4
Let b(m) = -2*m**3 - 2*m**2 - 4*m - 1. Determine b(-2).
15
Let y(h) = 2*h**2 + 14*h + 12. Give y(-9).
48
Let i(c) = c**3 - c**2 - c + 6. Give i(0).
6
Let v(r) = -2*r**2 + 33*r + 21. Determine v(17).
4
Let b(o) = -5*o + 3. Calculate b(-7).
38
Let v(m) = m**3 + m**2 - 5*m + 1. Calculate v(2).
3
Let g(x) = 19*x**2 - x. Give g(1).
18
Let t(b) = -89*b - 3. Calculate t(1).
-92
Let r(z) = 2*z - 4. What is r(0)?
-4
Let g(o) = -3*o - 24. Calculate g(-13).
15
Let l(t) = t**3 - 11*t**2 + 3*t + 14. Determine l(11).
47
Let i(h) = 22*h**2 + h + 1. Give i(-1).
22
Let j(n) = 6*n + 11. What is j(-6)?
-25
Let q(c) = -c**3 - 21*c**2 - 19*c + 17. What is q(-20)?
-3
Let q(c) = -c**2 + c - 3. Give q(-1).
-5
Let z(s) = s**3 + 3*s**2 + 4*s + 4. Calculate z(-3).
-8
Let t(p) = 3*p - 3. Give t(3).
6
Let a(m) = -2*m**2 + 33*m - 9. Calculate a(16).
7
Let b(r) = -r**3 - 22*r**2 - 35*r + 105. Give b(-20).
5
Let g(q) = q**3 + 11*q**2 + 1. Calculate g(-11).
1
Let p(q) = 2*q**2 - 35*q + 54. Give p(16).
6
Let l(g) = -10*g - 13. Calculate l(5).
-63
Let z(h) = h**2 + 8*h + 15. Give z(-13).
80
Let v(c) = c**3 - 17*c**2 + c - 2. Calculate v(17).
15
Let f(r) = r**3 - 4*r**2 - 2*r + 4. Determine f(3).
-11
Let w(o) = 2*o + 5. What is w(5)?
15
Let x(l) = 17*l - 4. Calculate x(2).
30
Let q(r) = -2*r**2 - 18*r - 79. What is q(-5)?
-39
Let r(d) = -2*d**2 + 34*d + 31. Give r(16).
63
Let q(x) = 6*x**2 - 32*x - 31. Determine q(-1).
7
Let z(i) = -2*i**2 - 22*i + 6. What is z(3)?
-78
Let v(l) = l**3 - 12*l**2 + 10*l. What is v(11)?
-11
Let m(h) = h**3 + 22*h**2 + 59*h + 34. Determine m(-19).
-4
Let x(m) = -m - 8. Determine x(2).
-10
Let w(i) = -9*i - 140. Give w(-16).
4
Let t(f) = -f**2 - f + 7. Determine t(0).
7
Let t(y) = -y**2 + 7. Give t(0).
7
Let l(f) = 26*f - 2. Determine l(2).
50
Let b(y) = y**3 - 7*y**2 - 45*y + 5. Determine b(11).
-6
Let t(q) = 10*q**3 - 6*q**2 - 5*q. Give t(-1).
-11
Let w(u) = -4*u - 5. Calculate w(-7).
23
Let t(g) = -7*g + 11. Calculate t(4).
-17
Let m(u) = -18*u - 204. What is m(-12)?
12
Let c(d) = -7*d - 172. Give c(-24).
-4
Let u(m) = 2*m**2 - 17*m. Determine u(8).
-8
Let v(j) = -j**3 - 6*j**2 + 4*j + 8. Determine v(-6).
-16
Let l(v) = -4*v**3 + 4*v + 2. What is l(-1)?
2
Let f(z) = -z**3 - 17*z**2 - z - 9. What is f(-17)?
8
Let r(s) = 5*s**2 - 31*s + 39. Give r(6).
33
Let k(y) = -y**3 - y**2 + 13*y + 19. Determine k(-3).
-2
Let n(p) = p**2 + 11*p + 22. Determine n(-4).
-6
Let q(c) = c - 16. Give q(7).
-9
Let y(h) = -h**3 - 21*h**2 - 25*h - 85. Calculate y(-20).
15
Let f(x) = 6*x - 2. Determine f(5).
28
Let a(g) = g**2 - 13*g - 1. Determine a(14).
13
Let i(x) = x**3 + 6*x**2 - 9*x - 1. Calculate i(-6).
53
Let o(r) = 13*r + 25. Determine o(3).
64
Let a(s) = -s**3 + s**2 + 2*s - 6. Give a(3).
-18
Let u(q) = -q**2 + 5*q - 17. Determine u(4).
-13
Let x(y) = -y**2 - 18*y + 25. Determine x(-18).
25
Let c(l) = -l**2 - 15*l - 19. Give c(-16).
-35
Let l(o) = -4*o - 29. Give l(-6).
-5
Let l(q) = q**3 - 9*q**2 + 2*q - 12. Calculate l(9).
6
Let b(g) = -3*g + 31. Give b(10).
1
Let b(t) = -t**3 + 8*t**2 - 2*t - 19. What is b(6)?
41
Let u(b) = -9*b - 65. Give u(-11).
34
Let v(n) = n**2 + 3*n - 4. Determine v(-3).
-4
Let p(d) = d**3 + 7*d**2 + 6*d - 5. Determine p(-6).
-5
Let i(u) = -99*u - 1. Determine i(1).
-100
Let m(n) = n**2 - 5*n + 3. Calculate m(1).
-1
Let q(c) = -4*c + 1. What is q(1)?
-3
Let b(s) = -s**3 + 25*s**2 - 68*s + 74. Determine b(22).
30
Let u(j) = -j**2 + 35*j - 132. What is u(30)?
18
Let j(z) = z**2 + 22*z + 4. Give j(-24).
52
Let a(n) = 2*n**2 + 5*n - 30. Give a(5).
45
Let r(l) = l**2 + 20*l - 531. Calculate r(15).
-6
Let a(l) = 7*l + 6. Determine a(4).
34
Let h(c) = -c**3 + 3*c**2 - 4*c + 2. Give h(3).
-10
Let j(a) = -3*a**3 - 1. Determine j(-1).
2
Let v(w) = w**3 - 2*w**2 - 102*w + 33. Give v(11).
0
Let a(h) = 5*h - 14. Give a(10).
36
Let d(q) = q**3 - 29*q - 19. Calculate d(-5).
1
Let b(j) = -j**3 + 33*j**2 + 33*j + 39. What is b(34)?
5
Let x(r) = 9*r**2 + r + 1. Calculate x(2).
39
Let x(d) = 19*d - 29. Give x(12).
199
Let c(t) = -13*t + 7. What is c(-4)?
59
Let g(u) = u**2 + 4*u - 7. Give g(-8).
25
Let v(a) = -a**2 + 12*a + 55. Determine v(16).
-9
Let m(q) = -q**3 + 13*q**2 + q - 4. Determine m(13).
9
Let s(r) = r**2 + 57*r + 467. Determine s(-47).
-3
Let f(z) = z**2 + 57*z - 27. Give f(0).
-27
Let y(j) = -2*j**2 - 16*j - 24. Determine y(-8).
-24
Let j(s) = -s**2 + 7*s + 3. Give j(8).
-5
Let d(h) = -h**2 + 3*h + 6. Give d(-4).
-22
Let i(k) = -k**2 - 24*k + 69. Calculate i(-21).
132
Let a(i) = 2*i + 46. Give a(-20).
6
Let c(v) = 29*v - 297. Give c(10).
-7
Let d(b) = -b**2 + 4*b + 6. Give d(6).
-6
Let k(b) = b**3 - 13*b - 17. Determine k(4).
-5
Let u(f) = 2*f**2 - 17*f + 22. What is u(7)?
1
Let t(x) = 32*x + 138. What is t(-6)?
-54
Let i(b) = -2*b**3 + b**2 + 3*b + 2. Calculate i(3).
-34
Let t(h) = 2*h**3 + 2*h**2 - 3*h - 7. Give t(-2).
-9
Let f(r) = -r**2 - r + 67. Determine f(0).
67
Let a(z) = -z**3 + 14*z**2 + 4*z + 25. Calculate a(14)